-- phpMyAdmin SQL Dump
-- version 5.2.1
-- https://www.phpmyadmin.net/
--
-- Host: 127.0.0.1
-- Waktu pembuatan: 26 Jun 2025 pada 08.36
-- Versi server: 10.4.32-MariaDB
-- Versi PHP: 8.2.12

SET SQL_MODE = "NO_AUTO_VALUE_ON_ZERO";
START TRANSACTION;
SET time_zone = "+00:00";


/*!40101 SET @OLD_CHARACTER_SET_CLIENT=@@CHARACTER_SET_CLIENT */;
/*!40101 SET @OLD_CHARACTER_SET_RESULTS=@@CHARACTER_SET_RESULTS */;
/*!40101 SET @OLD_COLLATION_CONNECTION=@@COLLATION_CONNECTION */;
/*!40101 SET NAMES utf8mb4 */;

--
-- Database: `db_mahasiswa`
--

-- --------------------------------------------------------

--
-- Struktur dari tabel `dosen`
--

CREATE TABLE `dosen` (
  `nidn` varchar(10) NOT NULL,
  `nama` varchar(100) DEFAULT NULL,
  `no_hp` varchar(15) DEFAULT NULL,
  `email` varchar(100) DEFAULT NULL
) ENGINE=InnoDB DEFAULT CHARSET=utf8mb4 COLLATE=utf8mb4_general_ci;

--
-- Dumping data untuk tabel `dosen`
--

INSERT INTO `dosen` (`nidn`, `nama`, `no_hp`, `email`) VALUES
('D001', 'Dr. Rahmat Hidayat', '081234567890', 'rahmat@kampus.ac.id'),
('D002', 'Siti Nurhaliza, M.Kom', '081223344556', 'siti@kampus.ac.id'),
('D003', 'Bambang Pamungkas, M.T', '081298765432', 'bambang@kampus.ac.id');

-- --------------------------------------------------------

--
-- Struktur dari tabel `jadwal`
--

CREATE TABLE `jadwal` (
  `id_jadwal` int(11) NOT NULL,
  `kode_kelas` varchar(10) DEFAULT NULL,
  `kode_mk` varchar(10) DEFAULT NULL,
  `nidn` varchar(10) DEFAULT NULL,
  `hari` varchar(10) DEFAULT NULL,
  `jam` varchar(10) DEFAULT NULL,
  `ruang` varchar(10) DEFAULT NULL
) ENGINE=InnoDB DEFAULT CHARSET=utf8mb4 COLLATE=utf8mb4_general_ci;

--
-- Dumping data untuk tabel `jadwal`
--

INSERT INTO `jadwal` (`id_jadwal`, `kode_kelas`, `kode_mk`, `nidn`, `hari`, `jam`, `ruang`) VALUES
(1, 'KLS001', 'MK001', 'D001', 'Senin', '08:00', 'R101'),
(2, 'KLS001', 'MK002', 'D002', 'Selasa', '10:00', 'R102'),
(3, 'KLS002', 'MK003', 'D003', 'Rabu', '09:00', 'R103'),
(4, 'KLS003', 'MK004', 'D001', 'Kamis', '08:00', 'R104'),
(5, 'KLS002', 'MK005', 'D002', 'Jumat', '13:00', 'R105');

-- --------------------------------------------------------

--
-- Struktur dari tabel `kelas`
--

CREATE TABLE `kelas` (
  `kode_kelas` varchar(10) NOT NULL,
  `nama_kelas` varchar(50) DEFAULT NULL,
  `tahun_ajaran` varchar(10) DEFAULT NULL,
  `semester` varchar(10) DEFAULT NULL
) ENGINE=InnoDB DEFAULT CHARSET=utf8mb4 COLLATE=utf8mb4_general_ci;

--
-- Dumping data untuk tabel `kelas`
--

INSERT INTO `kelas` (`kode_kelas`, `nama_kelas`, `tahun_ajaran`, `semester`) VALUES
('KLS001', 'IF-1A', '2024/2025', 'Ganjil'),
('KLS002', 'IF-1B', '2024/2025', 'Ganjil'),
('KLS003', 'SI-1A', '2024/2025', 'Genap');

-- --------------------------------------------------------

--
-- Struktur dari tabel `krs`
--

CREATE TABLE `krs` (
  `id_krs` int(11) NOT NULL,
  `nim` varchar(10) DEFAULT NULL,
  `kode_mk` varchar(10) DEFAULT NULL,
  `semester` varchar(10) DEFAULT NULL
) ENGINE=InnoDB DEFAULT CHARSET=utf8mb4 COLLATE=utf8mb4_general_ci;

--
-- Dumping data untuk tabel `krs`
--

INSERT INTO `krs` (`id_krs`, `nim`, `kode_mk`, `semester`) VALUES
(1, 'M001', 'MK001', 'Ganjil'),
(2, 'M001', 'MK002', 'Ganjil'),
(3, 'M002', 'MK001', 'Ganjil'),
(4, 'M003', 'MK003', 'Genap'),
(5, 'M004', 'MK004', 'Genap');

-- --------------------------------------------------------

--
-- Struktur dari tabel `mahasiswa`
--

CREATE TABLE `mahasiswa` (
  `nim` varchar(10) NOT NULL,
  `nama` varchar(100) DEFAULT NULL,
  `jurusan` varchar(50) DEFAULT NULL,
  `angkatan` int(11) DEFAULT NULL
) ENGINE=InnoDB DEFAULT CHARSET=utf8mb4 COLLATE=utf8mb4_general_ci;

--
-- Dumping data untuk tabel `mahasiswa`
--

INSERT INTO `mahasiswa` (`nim`, `nama`, `jurusan`, `angkatan`) VALUES
('M001', 'Andi Setiawan', 'Informatika', 2022),
('M002', 'Budi Hartono', 'Sistem Informasi', 2023),
('M003', 'Citra Ayu', 'Informatika', 2022),
('M004', 'Dewi Lestari', 'Teknik Komputer', 2023),
('M005', 'Eko Prasetyo', 'Sistem Informasi', 2022);

-- --------------------------------------------------------

--
-- Struktur dari tabel `matakuliah`
--

CREATE TABLE `matakuliah` (
  `kode_mk` varchar(10) NOT NULL,
  `nama_mk` varchar(100) DEFAULT NULL,
  `sks` int(11) DEFAULT NULL
) ENGINE=InnoDB DEFAULT CHARSET=utf8mb4 COLLATE=utf8mb4_general_ci;

--
-- Dumping data untuk tabel `matakuliah`
--

INSERT INTO `matakuliah` (`kode_mk`, `nama_mk`, `sks`) VALUES
('MK001', 'Algoritma dan Pemrograman', 3),
('MK002', 'Basis Data', 3),
('MK003', 'Jaringan Komputer', 3),
('MK004', 'Pemrograman Web', 3),
('MK005', 'Sistem Operasi', 2);

-- --------------------------------------------------------

--
-- Struktur dari tabel `nilai`
--

CREATE TABLE `nilai` (
  `id_nilai` int(11) NOT NULL,
  `id_krs` int(11) DEFAULT NULL,
  `nilai_angka` float DEFAULT NULL,
  `nilai_huruf` varchar(2) DEFAULT NULL
) ENGINE=InnoDB DEFAULT CHARSET=utf8mb4 COLLATE=utf8mb4_general_ci;

--
-- Dumping data untuk tabel `nilai`
--

INSERT INTO `nilai` (`id_nilai`, `id_krs`, `nilai_angka`, `nilai_huruf`) VALUES
(1, 1, 85, 'A'),
(2, 2, 78.5, 'B'),
(3, 3, 90, 'A'),
(4, 4, 65, 'C'),
(5, 5, 72.5, 'B');

--
-- Indexes for dumped tables
--

--
-- Indeks untuk tabel `dosen`
--
ALTER TABLE `dosen`
  ADD PRIMARY KEY (`nidn`);

--
-- Indeks untuk tabel `jadwal`
--
ALTER TABLE `jadwal`
  ADD PRIMARY KEY (`id_jadwal`),
  ADD KEY `kode_kelas` (`kode_kelas`),
  ADD KEY `kode_mk` (`kode_mk`),
  ADD KEY `nidn` (`nidn`);

--
-- Indeks untuk tabel `kelas`
--
ALTER TABLE `kelas`
  ADD PRIMARY KEY (`kode_kelas`);

--
-- Indeks untuk tabel `krs`
--
ALTER TABLE `krs`
  ADD PRIMARY KEY (`id_krs`),
  ADD KEY `nim` (`nim`),
  ADD KEY `kode_mk` (`kode_mk`);

--
-- Indeks untuk tabel `mahasiswa`
--
ALTER TABLE `mahasiswa`
  ADD PRIMARY KEY (`nim`);

--
-- Indeks untuk tabel `matakuliah`
--
ALTER TABLE `matakuliah`
  ADD PRIMARY KEY (`kode_mk`);

--
-- Indeks untuk tabel `nilai`
--
ALTER TABLE `nilai`
  ADD PRIMARY KEY (`id_nilai`),
  ADD KEY `id_krs` (`id_krs`);

--
-- Ketidakleluasaan untuk tabel pelimpahan (Dumped Tables)
--

--
-- Ketidakleluasaan untuk tabel `jadwal`
--
ALTER TABLE `jadwal`
  ADD CONSTRAINT `jadwal_ibfk_1` FOREIGN KEY (`kode_kelas`) REFERENCES `kelas` (`kode_kelas`),
  ADD CONSTRAINT `jadwal_ibfk_2` FOREIGN KEY (`kode_mk`) REFERENCES `matakuliah` (`kode_mk`),
  ADD CONSTRAINT `jadwal_ibfk_3` FOREIGN KEY (`nidn`) REFERENCES `dosen` (`nidn`);

--
-- Ketidakleluasaan untuk tabel `krs`
--
ALTER TABLE `krs`
  ADD CONSTRAINT `krs_ibfk_1` FOREIGN KEY (`nim`) REFERENCES `mahasiswa` (`nim`),
  ADD CONSTRAINT `krs_ibfk_2` FOREIGN KEY (`kode_mk`) REFERENCES `matakuliah` (`kode_mk`);

--
-- Ketidakleluasaan untuk tabel `nilai`
--
ALTER TABLE `nilai`
  ADD CONSTRAINT `nilai_ibfk_1` FOREIGN KEY (`id_krs`) REFERENCES `krs` (`id_krs`);
COMMIT;

/*!40101 SET CHARACTER_SET_CLIENT=@OLD_CHARACTER_SET_CLIENT */;
/*!40101 SET CHARACTER_SET_RESULTS=@OLD_CHARACTER_SET_RESULTS */;
/*!40101 SET COLLATION_CONNECTION=@OLD_COLLATION_CONNECTION */;
